-4*n**3 + 921*n**2 + 1652*n - 6500. Determine g(232).
-4
Let s(u) = -6937*u - 721279. What is s(-104)?
169
Let q(s) = 2207575*s + 33113620. What is q(-15)?
-5
Let w(q) = -3848*q + 1667. Calculate w(-1).
5515
Let r(h) = h**2 + 84*h + 1242. What is r(-54)?
-378
Let t(c) = -40*c**2 - 107*c + 5. What is t(-3)?
-34
Let b(k) = -87*k**2 + 444*k - 46. Determine b(5).
-1
Let s(k) = 640*k**2 + 79*k - 83. What is s(1)?
636
Let k(o) = -19*o**2 + 29*o + 30. Determine k(-2).
-104
Let j(x) = x**3 + 35*x**2 + 376*x + 5054. What is j(-28)?
14
Let m(v) = 5*v**2 - 1789*v - 7436. Give m(362).
166
Let x(z) = -3*z**2 + 34493*z + 68977. Give x(-2).
-21
Let x(k) = -k**3 - 294*k**2 + 304*k + 2666. Give x(-295).
11
Let q(t) = 10*t**2 - 469*t + 468. What is q(1)?
9
Let q(r) = -4*r**2 + 3649*r - 18270. Calculate q(5).
-125
Let p(a) = 674*a**3 - 11*a**2 + 21*a - 5. What is p(1)?
679
Let g(n) = 51456*n - 154297. Determine g(3).
71
Let b(l) = -4*l**3 - 12*l**2 - 5980*l - 17940. What is b(-3)?
0
Let c(z) = 31*z**3 + 90*z**2 - 4*z - 12. Determine c(-5).
-1617
Let q(b) = 3*b**2 - 46*b - 43. What is q(18)?
101
Let x(v) = -23*v + 515. Determine x(37).
-336
Let u(t) = -4401*t + 35158. Determine u(8).
-50
Let s(p) = -152*p**2 - 15215*p - 317. Give s(-100).
1183
Let o(j) = j**3 + 60*j**2 - 83*j - 11543. What is o(-58)?
-1
Let y(b) = b**3 - 50*b**2 - 263*b + 15273. Calculate y(49).
-15
Let j(f) = -f**3 - 180*f**2 + 1294*f + 7. Determine j(7).
-98
Let s(w) = w**3 + 101*w**2 + 272*w + 7336. Determine s(-99).
10
Let s(m) = 2*m**3 + 62*m**2 - 452*m - 348. What is s(-37)?
-52
Let n(r) = 49*r**3 + 30*r**2 - 12*r - 72. Determine n(2).
416
Let a(m) = m**3 - 42*m**2 + 133*m - 3931. Give a(41).
-159
Let c(r) = 5*r**2 + 169*r - 24. Give c(-35).
186
Let t(i) = -21623*i + 3178582. What is t(147)?
1
Let w(s) = -8*s**3 + 23*s**2 - 650*s + 1266. Give w(2).
-6
Let u(z) = -74173*z + 222476. What is u(3)?
-43
Let q(u) = u**3 + 88*u**2 + 1214*u - 3224. What is q(-70)?
-4
Let x(b) = 1884*b + 90436. What is x(-48)?
4
Let y(m) = -565*m - 9999. Determine y(-18).
171
Let h(d) = 77*d - 3865. Give h(113).
4836
Let g(p) = -2*p**3 + 700*p**2 + 349*p + 123971. What is g(351)?
68
Let y(h) = -24*h - 42. Calculate y(2).
-90
Let d(h) = -3*h**3 - 96*h**2 - 382*h + 602. Determine d(-27).
-19
Let h(m) = -m**3 + 48*m**2 - 121*m + 11022. Calculate h(50).
-28
Let g(x) = 3*x**3 - 430*x**2 - 299*x + 1576. What is g(144)?
-8
Let q(z) = -2*z**3 + 469*z**2 - 449*z - 58265. Give q(233).
-15
Let o(x) = 3*x**2 - 305*x + 4534. What is o(19)?
-178
Let w(n) = -3*n**3 - 42*n**2 - 14*n + 5. What is w(0)?
5
Let o(b) = -b**2 + 376*b - 27969. Calculate o(98).
-725
Let m(j) = -3560*j - 4699198. Calculate m(-1320).
2
Let c(v) = 454*v + 10090. Calculate c(-22).
102
Let i(r) = 26873*r + 1746745. Calculate i(-65).
0
Let r(v) = -2*v**3 + 120*v**2 - 65*v + 1004. Give r(60).
-2896
Let x(b) = -5*b**2 - 81*b + 1439. Calculate x(19).
-1905
Let j(i) = -2*i**2 + 44*i + 1535. Determine j(-19).
-23
Let b(p) = 6*p**2 + 683*p + 10728. Give b(-95).
-7
Let l(o) = -11*o**2 + 259*o + 7929. Give l(-24).
-4623
Let b(n) = n**3 + 53*n**2 - 358*n + 536. Calculate b(4).
16
Let g(a) = -165*a + 4912. Give g(29).
127
Let r(f) = f**3 + 1469*f**2 + 18933*f + 72. Give r(-13).
7
Let l(y) = -2*y**2 - 116*y - 1465. Give l(-30).
215
Let l(o) = -1500*o + 16540. Give l(11).
40
Let w(u) = u**3 + 518*u**2 - 3703*u + 100. Calculate w(7).
-96
Let y(u) = 123*u + 9482. Calculate y(-77).
11
Let h(r) = 3*r**3 - 25*r**2 - 1209*r + 4550. Calculate h(23).
19
Let o(d) = -2479*d - 4956. Calculate o(-2).
2
Let u(s) = -52288*s + 1254914. Determine u(24).
2
Let i(u) = -u**3 + 78*u**2 + 337*u - 14175. What is i(80)?
-15
Let k(f) = 3*f**3 + 49*f**2 - 158*f - 2157. Calculate k(-16).
627
Let q(t) = -26*t**2 - 405*t + 4554. Determine q(11).
-3047
Let q(m) = -2*m**2 + 128*m + 1450. Give q(74).
-30
Let z(b) = -125*b**2 + 1735*b + 238. Give z(14).
28
Let h(q) = -27896*q + 2510628. Calculate h(90).
-12
Let g(p) = 4712*p + 259120. What is g(-55)?
-40
Let k(o) = -9*o**3 + 2343*o**2 - 786*o + 1549. Determine k(260).
-11
Let u(l) = -l**3 - 624*l**2 - 1368*l - 77134. Calculate u(-622).
-6
Let u(l) = l**2 + 660*l + 13209. Determine u(-21).
-210
Let q(d) = -3*d**3 - 15*d**2 + 303*d - 3046. Give q(10).
-4516
Let u(z) = -7*z + 332. Calculate u(-37).
591
Let h(x) = 4*x**3 + 202*x**2 + 1285*x + 14. What is h(-43)?
229
Let x(l) = 15286*l - 2736163. Determine x(179).
31
Let g(i) = 357*i**2 + 2213*i + 496. Give g(-6).
70
Let k(b) = -2777*b - 10939. Calculate k(-4).
169
Let o(j) = -19547*j - 312657. Calculate o(-16).
95
Let g(v) = v**3 - 14*v**2 - 792*v - 8. Determine g(-22).
-8
Let t(w) = -3*w**2 + 115*w - 1528. What is t(15)?
-478
Let u(z) = -z**2 - 165*z - 4397. Give u(-115).
1353
Let m(t) = t**3 + 280*t**2 + 8573*t + 4. Give m(-35).
74
Let t(i) = i**3 - 77*i**2 + 339*i + 1745. Determine t(72).
233
Let x(d) = d**2 + 1856*d - 751704. Give x(342).
12
Let f(v) = -2*v**3 - 655*v**2 + 32690*v + 84. Calculate f(44).
-4
Let r(d) = 30384*d + 30488. What is r(-1)?
104
Let w(l) = 4*l**2 + 2327*l - 45449. Determine w(19).
208
Let b(l) = -621*l + 92404. Determine b(149).
-125
Let c(n) = 4*n**3 + 61*n**2 + 167*n - 160. Determine c(-11).
60
Let c(v) = 22*v**2 - 4025*v - 28124. Give c(-7).
1129
Let h(u) = 1428*u - 94911. Determine h(66).
-663
Let p(z) = 14*z**2 + 331*z - 2051. Give p(6).
439
Let j(v) = 2*v**3 + 10*v**2 + 92979*v + 557952. Calculate j(-6).
6
Let h(t) = -29994*t + 1499699. What is h(50)?
-1
Let h(p) = -3177*p + 25079. Give h(8).
-337
Let z(k) = k**2 + 44*k - 907. Calculate z(-64).
373
Let u(c) = c**3 - 932*c**2 + 23547*c + 8151. Determine u(906).
-3
Let q(a) = 1079*a + 467198. Calculate q(-433).
-9
Let t(r) = 2*r**3 - 127*r**2 - 247*r + 19553. Give t(63).
23
Let h(q) = 143*q**2 + 51*q + 31. What is h(-1)?
123
Let d(x) = -6*x**2 - 18413*x - 110255. What is d(-6)?
7
Let m(j) = 402*j - 1342. Calculate m(-1).
-1744
Let f(h) = 20*h**2 - 1199*h - 3857. Calculate f(63).
-14
Let u(y) = 5*y**2 + 2*y - 270. Determine u(-12).
426
Let q(f) = -12*f**2 - 274*f - 289. What is q(-22)?
-69
Let x(o) = 106*o - 23. Give x(0).
-23
Let m(q) = -6166*q + 505510. Give m(82).
-102
Let q(t) = t**3 + 40*t**2 + 181*t - 39. What is q(-6)?
99
Let m(z) = -3*z**3 + 124*z**2 - 106*z + 18. What is m(41)?
-2647
Let q(g) = -g**2 + 35*g - 564. Determine q(29).
-390
Let q(x) = x**3 - 11621*x + 34800. Calculate q(3).
-36
Let x(f) = -f**2 - 2893*f - 45954. Give x(-16).
78
Let y(v) = -2*v**3 + 21*v**2 - 16*v - 120. Calculate y(11).
-417
Let k(h) = -5263*h + 368391. What is k(70)?
-19
Let x(a) = 2605*a**2 - 867466*a + 308. What is x(333)?
-25
Let m(x) = 23863*x - 2171527. What is m(91)?
6
Let t(o) = -216811*o + 6070686. Determine t(28).
-22
Let w(a) = -21*a**3 + 28*a**2 + 928*a - 930. Calculate w(1).
5
Let p(r) = 153*r**2 - 1104*r - 69430. Give p(-18).
14
Let s(w) = -9338*w**2 - 93393*w - 63. What is s(-10)?
67
Let i(m) = m**3 + 47*m**2 + 208*m - 242. What is i(-42)?
-158
Let y(x) = -207*x + 8033. Determine y(39).
-40
Let o(b) = -b**3 - 33*b**2 - 364*b - 927. What is o(-4)?
65
Let j(h) = 3*h**3 + 271*h**2 + 91*h - 4. Determine j(-90).
-94
Let m(a) = a**3 + 13*a**2 + 226*a + 2688. What is m(-12)?
120
Let z(c) = 38*c**3 + 8*c**2 - 34*c + 130. What is z(4)?
2554
Let b(d) = 59684*d**3 + 59679*d**2 - 27*d - 27. Calculate b(-1).
-5
Let t(f) = -f**3 - 12*f**2 - 13*f - 9. Give t(-12).
147
Let p(j) = -291*j + 1328. What is p(5)?
-127
Let m(v) = -815*v - 113598. Give m(-139).
-313
Let w(v) = 100*v - 3134. Calculate w(24).
-734
Let v(a) = 39*a - 3052. What is v(109)?
1199
Let p(h) = 102*h**2 - 24*h - 3. Determine p(1).
75
Let y(k) = -k**3 + 208*k**2 - 293*k - 66002. What is y(205)?
8
Let q(a) = a**3 - 469*a**2 + 53333*a + 3303. Calculate q(194).
5
Let t(w) = -w**3 - 18*w**2 + 767*w - 2135. Calculate t(18).
7
Let x(s) = s**2 - 48792*s + 1852653. Calculate x(38).
1
Let d(c) = 5*c**2 - 2021*c + 10140. What is d(5)?
160
Let y(p) = 6*p**3 - p**2 - 17*p - 14. Calculate y(-2).
-32
Let u(g) = -g**3 - 236*g**2 - 1650*g - 187. Determine u(-7).
142
Let l(i) = 33*i**2 + 141*i + 95. Give l(-3).
-31
Let w(u) = u**3 + 123*u**2 - 254*u - 742. What is w(-125)?
-242
Let y(q) = -2*q**2 + 101*q - 1386. What is y(27)?
-117
Let a(u) = u**2 + 19*u - 247. Calculate a(-26).
-65
Let h(